{"id":2,"date":"2011-01-10T17:32:54","date_gmt":"2011-01-10T17:32:54","guid":{"rendered":"\/?page_id=2"},"modified":"2016-12-05T14:52:41","modified_gmt":"2016-12-05T14:52:41","slug":"qui-sommes-nous","status":"publish","type":"page","link":"https:\/\/www.servir.caef.net\/?page_id=2","title":{"rendered":"Qui sommes-nous ?"},"content":{"rendered":"<p><img loading=\"lazy\" decoding=\"async\" class=\"size-full wp-image-9350 aligncenter\" src=\"\/wp-content\/uploads\/2016\/01\/nouveau-servir.jpg\" alt=\"nouveau servir\" width=\"571\" height=\"82\" srcset=\"https:\/\/www.servir.caef.net\/wp-content\/uploads\/2016\/01\/nouveau-servir.jpg 571w, https:\/\/www.servir.caef.net\/wp-content\/uploads\/2016\/01\/nouveau-servir-300x43.jpg 300w\" sizes=\"auto, (max-width: 571px) 100vw, 571px\" \/><\/p>\n<p style=\"text-align: center;\">\u00a0<\/p>\n<p>&nbsp;<\/p>\n<p>&nbsp;<\/p>\n<p style=\"text-align: justify;\">\u00a0Les\u00a0\u00a0<a href=\"http:\/\/www.caef.net\"><img loading=\"lazy\" decoding=\"async\" class=\"alignnone wp-image-9352\" src=\"\/wp-content\/uploads\/2016\/01\/logo-caef-new.jpg\" alt=\"logo caef new\" width=\"300\" height=\"100\" srcset=\"https:\/\/www.servir.caef.net\/wp-content\/uploads\/2016\/01\/logo-caef-new.jpg 648w, https:\/\/www.servir.caef.net\/wp-content\/uploads\/2016\/01\/logo-caef-new-300x100.jpg 300w\" sizes=\"auto, (max-width: 300px) 100vw, 300px\" \/><\/a> sont l&rsquo;une des branches du protestantisme \u00e9vang\u00e9lique fran\u00e7ais. Elles sont la version fran\u00e7aise des Assembl\u00e9es de Fr\u00e8res dites \u00ab\u00a0ouvertes\u00a0\u00bb ou \u00ab\u00a0larges\u00a0\u00bb, aussi appel\u00e9es Plymouth brethren. Elles revendiquent une double origine, suisse et britannique, mais comme l&rsquo;ensemble du protestantisme \u00e9vang\u00e9lique, les CAEF s&rsquo;affirment h\u00e9riti\u00e8res de la R\u00e9forme protestante du XVI<sup>e<\/sup> et des R\u00e9veils du XIII<sup>e<\/sup>.<\/p>\n<p style=\"text-align: justify;\">Pour plus de d\u00e9tails, <span style=\"color: #800080;\"><strong><a href=\"http:\/\/www.caef.net\"><span style=\"color: #800080;\">cliquer ICI<\/span><\/a><\/strong><\/span>&#8230;<\/p>\n<p>&nbsp;<\/p>\n<p>&nbsp;<\/p>\n<header>\n<p>L\u2019association <strong><a title=\"Editions CAEF\" href=\"http:\/\/editions.caef.net\" target=\"_blank\"><img decoding=\"async\" src=\"\/\/wp-content\/themes\/magicblue\/images\/editionscaef.jpg\" alt=\"\" height=\"22\" \/><\/a><\/strong> a pour objet :<\/p>\n<\/header>\n<p style=\"text-align: justify;\">la propagation de l\u2019\u00c9vangile de J\u00e9sus-Christ sous toutes ses formes et le d\u00e9veloppement de la vie spirituelle, par l\u2019\u00e9dition et la diffusion de livres, brochures, p\u00e9riodiques, calendriers, documents \u00e9lectroniques.<\/p>\n<p>Pour plus de d\u00e9tails, <span style=\"color: #800080;\"><strong><a href=\"http:\/\/editions.caef.net\"><span style=\"color: #800080;\">cliquer ICI<\/span><\/a><\/strong><\/span>&#8230;<\/p>\n<p style=\"line-height: 100%; margin-top: 2mm; margin-bottom: 0pt;\">\u00a0<\/p>\n<p>&nbsp;<\/p>\n<table style=\"height: 73px; width: 619px;\" border=\"2\" cellspacing=\"1\" cellpadding=\"1\" align=\"center\">\n<thead>\n<tr>\n<th scope=\"col\">\n<h3 align=\"center\"><strong>Comit\u00e9 de r\u00e9daction : <\/strong><\/h3>\n<\/th>\n<\/tr>\n<\/thead>\n<tbody>\n<tr>\n<td>\n<ul>\n<li>Marie-Christine Fave<\/li>\n<li>Fran\u00e7oise Lombet<\/li>\n<li>Marcel Reutenauer <strong>(Directeur de la publication)<\/strong><\/li>\n<li>Reynald Kozicki<\/li>\n<li>Fran\u00e7ois-Jean Martin<\/li>\n<li>Robert Souza<\/li>\n<\/ul>\n<\/td>\n<\/tr>\n<\/tbody>\n<\/table>\n<p style=\"line-height: 100%; margin-top: 2mm; margin-bottom: 0pt;\" align=\"center\">\u00a0<\/p>\n<p style=\"line-height: 100%; margin-top: 1mm; margin-bottom: 0pt; text-align: left; padding-left: 60px;\" align=\"center\">\u00a0<\/p>\n<p style=\"margin: 6pt 0cm 3pt 2cm;\" align=\"left\"><span style=\"font-size: medium;\"><span style=\"font-family: Arial;\"><span style=\"font-size: small;\"><strong>REDACTION<\/strong> :\u00a02\u00a0rue\u00a0des\u00a0Magasins\u00a0&#8211;\u00a067000\u00a0STRASBOURG\u00a0&#8211;<\/span> <\/span><\/span><\/p>\n<p style=\"margin: 6pt 0cm 3pt 2cm;\" align=\"left\"><span style=\"font-size: small;\"><span style=\"font-family: Arial;\"><strong>Tel :<\/strong> 03.88.22.58.01 &#8211;<strong> Email :<\/strong> <a href=\"mailto:servir@caef.net\">servir@caef.net<\/a><\/span><\/span><\/p>\n<p style=\"margin: 0pt 0cm 6pt 2cm;\" align=\"left\">\u00a0<span style=\"font-size: small;\"><span style=\"font-family: Arial;\">\u00a0<\/span><\/span><\/p>\n<p style=\"margin: 0pt 0cm 6pt 2cm;\" align=\"left\">\u00a0<\/p>\n<p style=\"margin: 0pt 0cm 6pt 2cm;\" align=\"left\"><span style=\"font-family: arial,helvetica,sans-serif; font-size: small;\"><b>ABONNEMENT : Termin\u00e9<\/b><\/span><\/p>\n","protected":false},"excerpt":{"rendered":"<p>\u00a0 &nbsp; &nbsp; \u00a0Les\u00a0\u00a0 sont l&rsquo;une des branches du protestantisme \u00e9vang\u00e9lique fran\u00e7ais. Elles sont la version fran\u00e7aise des Assembl\u00e9es de Fr\u00e8res dites \u00ab\u00a0ouvertes\u00a0\u00bb ou \u00ab\u00a0larges\u00a0\u00bb, aussi appel\u00e9es Plymouth brethren. Elles revendiquent une double origine, suisse et britannique, mais comme l&rsquo;ensemble du protestantisme \u00e9vang\u00e9lique, les CAEF s&rsquo;affirment h\u00e9riti\u00e8res de la R\u00e9forme protestante du XVIe et des [&hellip;]<\/p>\n","protected":false},"author":10,"featured_media":0,"parent":0,"menu_order":0,"comment_status":"closed","ping_status":"closed","template":"","meta":{"footnotes":""},"class_list":["post-2","page","type-page","status-publish","hentry"],"_links":{"self":[{"href":"https:\/\/www.servir.caef.net\/index.php?rest_route=\/wp\/v2\/pages\/2","targetHints":{"allow":["GET"]}}],"collection":[{"href":"https:\/\/www.servir.caef.net\/index.php?rest_route=\/wp\/v2\/pages"}],"about":[{"href":"https:\/\/www.servir.caef.net\/index.php?rest_route=\/wp\/v2\/types\/page"}],"author":[{"embeddable":true,"href":"https:\/\/www.servir.caef.net\/index.php?rest_route=\/wp\/v2\/users\/10"}],"replies":[{"embeddable":true,"href":"https:\/\/www.servir.caef.net\/index.php?rest_route=%2Fwp%2Fv2%2Fcomments&post=2"}],"version-history":[{"count":0,"href":"https:\/\/www.servir.caef.net\/index.php?rest_route=\/wp\/v2\/pages\/2\/revisions"}],"wp:attachment":[{"href":"https:\/\/www.servir.caef.net\/index.php?rest_route=%2Fwp%2Fv2%2Fmedia&parent=2"}],"curies":[{"name":"wp","href":"https:\/\/api.w.org\/{rel}","templated":true}]}}

<p><img loading="lazy" decoding="async" class="size-full wp-image-9350 aligncenter" src="/wp-content/uploads/2016/01/nouveau-servir.jpg" alt="nouveau servir" width="571" height="82" srcset="https://www.servir.caef.net/wp-content/uploads/2016/01/nouveau-servir.jpg 571w, https://www.servir.caef.net/wp-content/uploads/2016/01/nouveau-servir-300x43.jpg 300w" sizes="auto, (max-width: 571px) 100vw, 571px" /></p>
<p style="text-align: center;"> </p>
<p>&nbsp;</p>
<p>&nbsp;</p>
<p style="text-align: justify;"> Les  <a href="http://www.caef.net"><img loading="lazy" decoding="async" class="alignnone wp-image-9352" src="/wp-content/uploads/2016/01/logo-caef-new.jpg" alt="logo caef new" width="300" height="100" srcset="https://www.servir.caef.net/wp-content/uploads/2016/01/logo-caef-new.jpg 648w, https://www.servir.caef.net/wp-content/uploads/2016/01/logo-caef-new-300x100.jpg 300w" sizes="auto, (max-width: 300px) 100vw, 300px" /></a> sont l&rsquo;une des branches du protestantisme évangélique français. Elles sont la version française des Assemblées de Frères dites « ouvertes » ou « larges », aussi appelées Plymouth brethren. Elles revendiquent une double origine, suisse et britannique, mais comme l&rsquo;ensemble du protestantisme évangélique, les CAEF s&rsquo;affirment héritières de la Réforme protestante du XVI<sup>e</sup> et des Réveils du XIII<sup>e</sup>.</p>
<p style="text-align: justify;">Pour plus de détails, <span style="color: #800080;"><strong><a href="http://www.caef.net"><span style="color: #800080;">cliquer ICI</span></a></strong></span>&#8230;</p>
<p>&nbsp;</p>
<p>&nbsp;</p>
<header>
<p>L’association <strong><a title="Editions CAEF" href="http://editions.caef.net" target="_blank"><img decoding="async" src="//wp-content/themes/magicblue/images/editionscaef.jpg" alt="" height="22" /></a></strong> a pour objet :</p>
</header>
<p style="text-align: justify;">la propagation de l’Évangile de Jésus-Christ sous toutes ses formes et le développement de la vie spirituelle, par l’édition et la diffusion de livres, brochures, périodiques, calendriers, documents électroniques.</p>
<p>Pour plus de détails, <span style="color: #800080;"><strong><a href="http://editions.caef.net"><span style="color: #800080;">cliquer ICI</span></a></strong></span>&#8230;</p>
<p style="line-height: 100%; margin-top: 2mm; margin-bottom: 0pt;"> </p>
<p>&nbsp;</p>
<table style="height: 73px; width: 619px;" border="2" cellspacing="1" cellpadding="1" align="center">
<thead>
<tr>
<th scope="col">
<h3 align="center"><strong>Comité de rédaction : </strong></h3>
</th>
</tr>
</thead>
<tbody>
<tr>
<td>
<ul>
<li>Marie-Christine Fave</li>
<li>Françoise Lombet</li>
<li>Marcel Reutenauer <strong>(Directeur de la publication)</strong></li>
<li>Reynald Kozicki</li>
<li>François-Jean Martin</li>
<li>Robert Souza</li>
</ul>
</td>
</tr>
</tbody>
</table>
<p style="line-height: 100%; margin-top: 2mm; margin-bottom: 0pt;" align="center"> </p>
<p style="line-height: 100%; margin-top: 1mm; margin-bottom: 0pt; text-align: left; padding-left: 60px;" align="center"> </p>
<p style="margin: 6pt 0cm 3pt 2cm;" align="left"><span style="font-size: medium;"><span style="font-family: Arial;"><span style="font-size: small;"><strong>REDACTION</strong> : 2 rue des Magasins &#8211; 67000 STRASBOURG &#8211;</span> </span></span></p>
<p style="margin: 6pt 0cm 3pt 2cm;" align="left"><span style="font-size: small;"><span style="font-family: Arial;"><strong>Tel :</strong> 03.88.22.58.01 &#8211;<strong> Email :</strong> <a href="mailto:servir@caef.net">servir@caef.net</a></span></span></p>
<p style="margin: 0pt 0cm 6pt 2cm;" align="left"> <span style="font-size: small;"><span style="font-family: Arial;"> </span></span></p>
<p style="margin: 0pt 0cm 6pt 2cm;" align="left"> </p>
<p style="margin: 0pt 0cm 6pt 2cm;" align="left"><span style="font-family: arial,helvetica,sans-serif; font-size: small;"><b>ABONNEMENT : Terminé</b></span></p>

<p>  &nbsp; &nbsp;  Les   sont l&rsquo;une des branches du protestantisme évangélique français. Elles sont la version française des Assemblées de Frères dites « ouvertes » ou « larges », aussi appelées Plymouth brethren. Elles revendiquent une double origine, suisse et britannique, mais comme l&rsquo;ensemble du protestantisme évangélique, les CAEF s&rsquo;affirment héritières de la Réforme protestante du XVIe et des [&hellip;]</p>
