{"id":8468,"date":"2014-07-07T10:46:28","date_gmt":"2014-07-07T10:46:28","guid":{"rendered":"\/?page_id=8468"},"modified":"2016-02-11T12:58:05","modified_gmt":"2016-02-11T12:58:05","slug":"liens-utiles","status":"publish","type":"page","link":"https:\/\/www.servir.caef.net\/?page_id=8468","title":{"rendered":"Liens utiles"},"content":{"rendered":"<p><img loading=\"lazy\" decoding=\"async\" class=\"size-full wp-image-9350 aligncenter\" src=\"\/wp-content\/uploads\/2016\/01\/nouveau-servir.jpg\" alt=\"nouveau servir\" width=\"571\" height=\"82\" srcset=\"https:\/\/www.servir.caef.net\/wp-content\/uploads\/2016\/01\/nouveau-servir.jpg 571w, https:\/\/www.servir.caef.net\/wp-content\/uploads\/2016\/01\/nouveau-servir-300x43.jpg 300w\" sizes=\"auto, (max-width: 571px) 100vw, 571px\" \/><\/p>\n<p style=\"line-height: 100%; margin-top: 1mm; margin-bottom: 0pt;\" align=\"center\">\u00a0<\/p>\n<p style=\"text-align: left;\">\u00a0<\/p>\n<table cellspacing=\"5\" cellpadding=\"5\">\n<tbody>\n<tr>\n<td valign=\"top\" width=\"50%\">\u00a0<\/p>\n<p style=\"text-align: left;\"><a href=\"http:\/\/www.caef.net\"><span style=\"color: #800080;\"><img loading=\"lazy\" decoding=\"async\" class=\"aligncenter wp-image-9352\" src=\"\/wp-content\/uploads\/2016\/01\/logo-caef-new.jpg\" alt=\"logo caef new\" width=\"200\" height=\"67\" srcset=\"https:\/\/www.servir.caef.net\/wp-content\/uploads\/2016\/01\/logo-caef-new.jpg 648w, https:\/\/www.servir.caef.net\/wp-content\/uploads\/2016\/01\/logo-caef-new-300x100.jpg 300w\" sizes=\"auto, (max-width: 200px) 100vw, 200px\" \/><\/span><\/a>\u00a0<\/p>\n<p style=\"text-align: justify;\">Les <b>Communaut\u00e9s et assembl\u00e9es \u00e9vang\u00e9liques de France<\/b>\u00a0 sont l&rsquo;une des branches du protestantisme \u00e9vang\u00e9lique fran\u00e7ais. Elles sont la version fran\u00e7aise des Assembl\u00e9es de Fr\u00e8res dites \u00ab\u00a0ouvertes\u00a0\u00bb ou \u00ab\u00a0larges\u00a0\u00bb, aussi appel\u00e9es Plymouth brethren. Elles revendiquent une double origine, suisse et britannique, mais comme l&rsquo;ensemble du protestantisme \u00e9vang\u00e9lique, les CAEF s&rsquo;affirment h\u00e9riti\u00e8res de la R\u00e9forme protestante du XVI<sup>e<\/sup> et des R\u00e9veils du XIII<sup>e<\/sup>.<\/p>\n<p>Pour plus de d\u00e9tails, <span style=\"color: #800080;\"><strong><a href=\"http:\/\/www.caef.net\"><span style=\"color: #800080;\">cliquer ICI<\/span><\/a><\/strong><\/span>&#8230;<\/p>\n<p>&nbsp;<\/p>\n<hr \/>\n<p>&nbsp;<\/p>\n<p>L\u2019association <strong><a title=\"Editions CAEF\" href=\"http:\/\/editions.caef.net\" target=\"_blank\"><img decoding=\"async\" src=\"\/\/wp-content\/themes\/magicblue\/images\/editionscaef.jpg\" alt=\"\" height=\"22\" \/><\/a><\/strong><\/p>\n<p>a pour objet :<\/p>\n<p>&nbsp;<\/p>\n<p style=\"text-align: justify;\">la propagation de l\u2019\u00c9vangile de J\u00e9sus-Christ sous toutes ses formes et le d\u00e9veloppement de la vie spirituelle, par l\u2019\u00e9dition et la diffusion de livres, brochures, p\u00e9riodiques, calendriers, documents \u00e9lectroniques.<\/p>\n<p>Pour plus de d\u00e9tails, <span style=\"color: #800080;\"><strong><a href=\"http:\/\/editions.caef.net\"><span style=\"color: #800080;\">cliquer ICI<\/span><\/a><\/strong><\/span>&#8230;<\/p>\n<\/p>\n<p>&nbsp;<\/p>\n<hr \/>\n<p>&nbsp;<\/p>\n<p><strong><a title=\"Perles Precieuses\" href=\"http:\/\/www.perlesprecieuses.com\/\" target=\"_blank\"><img decoding=\"async\" src=\"\/wp-content\/themes\/magicblue\/images\/logo-perles-precieuses.jpg\" alt=\"\" \/><\/a><\/strong><\/p>\n<p>&nbsp;<\/p>\n<p><a href=\"http:\/\/www.perlesprecieuses.com\/\"><span style=\"color: #800080;\"><strong>Perles Pr\u00e9cieuse : <\/strong><\/span><\/a><\/p>\n<p>Une parole biblique chaque jour<\/p>\n<p>&nbsp;<\/p>\n<hr \/>\n<p>&nbsp;<\/p>\n<p><strong><a title=\"Koina\" href=\"http:\/\/www.koina.org\/\" target=\"_blank\"><img decoding=\"async\" src=\"\/wp-content\/themes\/magicblue\/images\/banniereKOINA.jpg\" alt=\"\" \/><\/a><\/strong><\/p>\n<p>&nbsp;<\/p>\n<p><a href=\"http:\/\/www.koina.org\/\"><span style=\"color: #800080;\"><strong>KOINA &#8211; Ressources bibliques :<\/strong><\/span><\/a>\u00a0<\/p>\n<p style=\"text-align: justify;\">Le projet Koina s\u2019int\u00e9resse en particulier au partage du travail d\u2019ex\u00e9g\u00e8se et d\u2019application des textes bibliques qu\u2019accomplissent semaine apr\u00e8s semaine de nombreux serviteurs de Dieu pour l\u2019\u00e9dification des membres des communaut\u00e9s \u00e9vang\u00e9liques de la Francophonie.<\/p>\n<p style=\"text-align: justify;\">Pour plus de d\u00e9tails, <a href=\"http:\/\/www.koina.org\/\"><span style=\"color: #800080;\"><strong>cliquer ICI<\/strong><\/span><\/a>&#8230;<\/p>\n<\/td>\n<td valign=\"top\" width=\"50%\">\n<p>&nbsp;<\/p>\n<p>&nbsp;<\/p>\n<p><strong><a title=\"Vivre aujourdhui\" href=\"http:\/\/www.vivreaujourdhui.com\/\" target=\"_blank\"><img decoding=\"async\" src=\"\/\/wp-content\/themes\/magicblue\/images\/LogoVivre.jpg\" alt=\"\" \/><\/a><\/strong><\/p>\n<p>&nbsp;<\/p>\n<p><a href=\"http:\/\/www.vivreaujourdhui.com\/\"><span style=\"color: #800080;\"><strong>Calendrier VIVRE AUJOURD&rsquo;HUI :<\/strong><\/span><\/a><\/p>\n<p style=\"text-align: justify;\">Le r\u00e9veil sonne. Il est l\u2019heure de se lever. Instinctivement, vous allumez la radio ou la t\u00e9l\u00e9vision. Bien souvent, les nouvelles ne sont ni joyeuses, ni rassurantes. Elles ne donnent pas toujours tr\u00e8s envie de se lever. <strong>Il existe un autre moyen de commencer la journ\u00e9e<\/strong>. Les textes de ce site site sont tir\u00e9s du calendrier <strong>Vivre Aujourd\u2019hui<\/strong>. Cette \u00e9ph\u00e9m\u00e9ride vous offre pour chaque jour, une r\u00e9flexion, une anecdote, un t\u00e9moignage en lien avec un texte de la Bible, la Parole de Dieu.<\/p>\n<p>Pour plus de d\u00e9tails, <a href=\"http:\/\/www.vivreaujourdhui.com\/\"><span style=\"color: #800080;\"><strong>cliquer ICI<\/strong><\/span><\/a>&#8230;<\/p>\n<p>&nbsp;<\/p>\n<hr \/>\n<p>&nbsp;<\/p>\n<p><strong><a title=\"ASMAF\" href=\"http:\/\/asmaf.caef.net\/\" target=\"_blank\"><img decoding=\"async\" src=\"\/wp-content\/themes\/magicblue\/images\/logoASMAFSite.jpg\" alt=\"\" \/><\/a><\/strong><\/p>\n<p>&nbsp;<\/p>\n<p style=\"text-align: justify;\"><a href=\"http:\/\/asmaf.caef.net\/\"><span style=\"color: #800080;\">L\u2019<strong>A<\/strong>ssociation de <strong>S<\/strong>outien des <strong>M<\/strong>issions des <strong>A<\/strong>ssembl\u00e9es de <strong>F<\/strong>rance <strong>(ASMAF<\/strong>) : <\/span><\/a><\/p>\n<p style=\"text-align: justify;\">D\u00e9partement missionnaire des C.A.E.F.<\/p>\n<p style=\"text-align: justify;\">\u00a0<\/p>\n<hr \/>\n<p>&nbsp;<\/p>\n<p><strong><a title=\"Association Jeunesse Chr\u00e9tienne\" href=\"http:\/\/ajc.caef.net\/\" target=\"_blank\"><img decoding=\"async\" src=\"\/\/wp-content\/themes\/magicblue\/images\/AJC.jpg\" alt=\"\" \/><\/a><\/strong><\/p>\n<p>&nbsp;<\/p>\n<p><a href=\"http:\/\/ajc.caef.net\/\"><span style=\"color: #800080;\"><strong>Association Jeunesse Chr\u00e9tienne : <\/strong><\/span><\/a><\/p>\n<p>P\u00f4le jeunesse CAEF<\/p>\n<p>&nbsp;<\/p>\n<p>&nbsp;<\/p>\n<p>&nbsp;<\/p>\n<\/td>\n<td>\u00a0<\/td>\n<\/tr>\n<\/tbody>\n<\/table>\n<p>&nbsp;<\/p>\n","protected":false},"excerpt":{"rendered":"<p>\u00a0 \u00a0 \u00a0 \u00a0 Les Communaut\u00e9s et assembl\u00e9es \u00e9vang\u00e9liques de France\u00a0 sont l&rsquo;une des branches du protestantisme \u00e9vang\u00e9lique fran\u00e7ais. Elles sont la version fran\u00e7aise des Assembl\u00e9es de Fr\u00e8res dites \u00ab\u00a0ouvertes\u00a0\u00bb ou \u00ab\u00a0larges\u00a0\u00bb, aussi appel\u00e9es Plymouth brethren. Elles revendiquent une double origine, suisse et britannique, mais comme l&rsquo;ensemble du protestantisme \u00e9vang\u00e9lique, les CAEF s&rsquo;affirment h\u00e9riti\u00e8res de [&hellip;]<\/p>\n","protected":false},"author":30,"featured_media":0,"parent":0,"menu_order":0,"comment_status":"closed","ping_status":"open","template":"","meta":{"footnotes":""},"class_list":["post-8468","page","type-page","status-publish","hentry"],"_links":{"self":[{"href":"https:\/\/www.servir.caef.net\/index.php?rest_route=\/wp\/v2\/pages\/8468","targetHints":{"allow":["GET"]}}],"collection":[{"href":"https:\/\/www.servir.caef.net\/index.php?rest_route=\/wp\/v2\/pages"}],"about":[{"href":"https:\/\/www.servir.caef.net\/index.php?rest_route=\/wp\/v2\/types\/page"}],"author":[{"embeddable":true,"href":"https:\/\/www.servir.caef.net\/index.php?rest_route=\/wp\/v2\/users\/30"}],"replies":[{"embeddable":true,"href":"https:\/\/www.servir.caef.net\/index.php?rest_route=%2Fwp%2Fv2%2Fcomments&post=8468"}],"version-history":[{"count":0,"href":"https:\/\/www.servir.caef.net\/index.php?rest_route=\/wp\/v2\/pages\/8468\/revisions"}],"wp:attachment":[{"href":"https:\/\/www.servir.caef.net\/index.php?rest_route=%2Fwp%2Fv2%2Fmedia&parent=8468"}],"curies":[{"name":"wp","href":"https:\/\/api.w.org\/{rel}","templated":true}]}}